hat is 110200211 (base 3) in base 11?
6a55
Convert -101100020 (base 3) to base 2.
-1110101110011
What is 1140224 (base 5) in base 16?
5342
Convert 11231033 (base 4) to base 16.
5b4f
Convert 17c (base 15) to base 7.
666
-4f4 (base 16) to base 11
-a53
-1565 (base 10) to base 5
-22230
2431 (base 5) to base 13
222
35a (base 15) to base 14
3c4
452a (base 15) to base 6
151521
-14135 (base 6) to base 15
-9ce
-2a6 (base 11) to base 9
-437
Convert -11001000000 (base 2) to base 11.
-1225
Convert 18b57 (base 12) to base 11.
2522a
What is -167 (base 13) in base 9?
-312
-2040 (base 5) to base 8
-416
-8499 (base 11) to base 9
-16368
1e88 (base 15) to base 7
25253
What is 15050 (base 7) in base 14?
1727
7918 (base 10) to base 7
32041
What is -9706 (base 13) in base 14?
-78d4
-1054 (base 11) to base 4
-111232
Convert -8260 (base 15) to base 6.
-331300
What is -68a (base 12) in base 9?
-1287
Convert -1210032 (base 4) to base 6.
-45410
-839a (base 11) to base 10
-11120
Convert -5b6 (base 13) to base 7.
-2620
Convert 111100111 (base 2) to base 13.
2b6
8 (base 16) to base 8
10
-243013 (base 5) to base 13
-4207
3042244 (base 5) to base 7
264616
-91 (base 10) to base 7
-160
Convert 1200 (base 4) to base 10.
96
What is 36235 (base 9) in base 13?
b066
-2301310 (base 5) to base 7
-230016
112a2 (base 16) to base 15
15c71
619 (base 11) to base 14
3b4
What is 310012 (base 5) in base 10?
10007
28b (base 15) to base 10
581
What is 30476 (base 10) in base 13?
10b44
-4144132 (base 5) to base 13
-25341
Convert 1424 (base 6) to base 2.
101111000
Convert 768 (base 10) to base 6.
3320
What is 3514 (base 6) in base 12?
59a
What is -245 (base 14) in base 13?
-28b
Convert -11505 (base 6) to base 9.
-2285
Convert -46e (base 15) to base 4.
-33230
What is -4ae (base 16) in base 2?
-10010101110
What is -214 (base 12) in base 9?
-367
-32001 (base 4) to base 9
-1206
Convert 1c22 (base 14) to base 16.
1406
-9a3 (base 14) to base 2
-11101110011
What is -2064 (base 8) in base 10?
-1076
Convert -22113200 (base 4) to base 11.
-299a4
What is 2030121 (base 4) in base 7?
35124
1034 (base 5) to base 14
a4
-14b0 (base 15) to base 12
-26a0
111000100 (base 2) to base 5
3302
What is -71d (base 15) in base 14?
-827
Convert 7154 (base 8) to base 4.
321230
What is -644 (base 7) in base 5?
-2301
Convert -17e (base 16) to base 10.
-382
Convert 2123010 (base 4) to base 3.
111121120
-1011000010 (base 2) to base 16
-2c2
Convert 1135 (base 10) to base 6.
5131
What is 11203 (base 9) in base 8?
16437
Convert -89f (base 16) to base 2.
-100010011111
-2b54 (base 13) to base 14
-2438
-31330 (base 4) to base 2
-1101111100
What is 1100010101101 (base 2) in base 9?
8588
5712 (base 9) to base 4
1001333
3461 (base 8) to base 16
731
41b (base 15) to base 2
1110011110
What is 101123 (base 5) in base 3?
11111210
What is 213 (base 10) in base 8?
325
732 (base 10) to base 9
1003
What is -205400 (base 6) in base 13?
-7836
3d1 (base 16) to base 8
1721
-4382 (base 11) to base 2
-1011010010001
Convert 16897 (base 12) to base 4.
13321303
What is -564 (base 12) in base 3?
-1002111
Convert -1010110110 (base 2) to base 12.
-49a
What is -15198 (base 13) in base 4?
-21232200
-8a (base 13) to base 8
-162
Convert 68848 (base 9) to base 2.
1011001101000010
Convert 684 (base 13) to base 15.
4ec
Convert 1023010 (base 4) to base 16.
12c4
What is -2308 (base 11) in base 5?
-44113
12d9 (base 14) to base 10
3327
What is 878 (base 11) in base 5?
13203
Convert -811 (base 9) to base 3.
-220101
Convert -110111010101 (base 2) to base 3.
-11212011
Convert 30f0 (base 16) to base 4.
3003300
Convert -131334 (base 5) to base 3.
-21011022
Convert -38e2 (base 15) to base 7.
-50246
What is c7d (base 16) in base 3?
11101102
-1469 (base 10) to base 5
-21334
13015 (base 10) to base 15
3cca
Convert 2323 (base 5) to base 15.
178
Convert -101010111111011 (base 2) to base 5.
-1201021
Convert 528 (base 9) to base 6.
1555
What is -a4c (base 15) in base 13?
-1098
-ac (base 14) to base 10
-152
Convert 2422 (base 11) to base 8.
6142
113114 (base 5) to base 9
5631
What is -23536 (base 7) in base 10?
-6103
Convert -6034 (base 7) to base 4.
-200203
548 (base 10) to base 2
1000100100
11102021 (base 3) to base 12
1a44
What is -1544 (base 6) in base 14?
-224
What is -17a (base 12) in base 8?
-356
Convert -2442 (base 11) to base 12.
-1a20
What is -248 (base 10) in base 9?
-305
1517 (base 8) to base 14
447
What is -23611 (base 7) in base 13?
-2a3a
What is -8400 (base 9) in base 15?
-1c56
8b (base 14) to base 10
123
Convert -1011001 (base 3) to base 7.
-2305
-158 (base 12) to base 8
-324
22111010 (base 3) to base 4
1200222
What is 71b (base 16) in base 13?
a9c
What is 125376 (base 8) in base 11?
2a985
What is -209 (base 13) in base 8?
-533
Convert 848 (base 9) to base 16.
2b4
1160 (base 8) to base 16
270
Convert -2460 (base 9) to base 7.
-5232
What is -734 (base 10) in base 4?
-23132
Convert 12414 (base 8) to base 3.
21101120
What is 2336 (base 13) in base 5?
124241
4000 (base 5) to base 9
615
Convert -2401 (base 5) to base 14.
-1b1
-23021 (base 6) to base 10
-3253
What is 1347 (base 9) in base 13?
601
What is 15bd (base 16) in base 10?
5565
Convert -572 (base 9) to base 13.
-2a2
111011 (base 3) to base 16
163
What is -772 (base 8) in base 9?
-622
What is 30a2 (base 14) in base 15?
2734
177e (base 16) to base 8
13576
Convert 1020102210 (base 3) to base 9.
36383
What is -25ca (base 13) in base 9?
-7365
211001 (base 3) to base 13
36a
What is 2930 (base 16) in base 12?
6128
Convert -7416 (base 14) to base 6.
-232352
Convert -101000 (base 4) to base 9.
-1438
What is -323220 (base 5) in base 12?
-6498
What is 6714 (base 11) in base 7?
34540
What is 923e (base 15) in base 13?
11099
10103320 (base 4) to base 8
42370
Convert -201101 (base 3) to base 15.
-24d
Convert 2134241 (base 5) to base 3.
1212111202
112536 (base 7) to base 3
1000122220
What is -c4 (base 16) in base 2?
-11000100
What is -4328 (base 13) in base 14?
-3585
Convert 686 (base 11) to base 5.
11240
-10110000011 (base 2) to base 7
-4054
What is 408 (base 10) in base 5?
3113
What is -33555 (base 11) in base 14?
-139c1
-1001110010101 (base 2) to base 6
-35113
What is -1431 (base 6) in base 16?
-17b
a108 (base 13) to base 11
15704
Convert 12241 (base 5) to base 11.
790
What is -362b (base 15) in base 16?
-2cfc
121220021 (base 3) to base 2
11000000011111
What is 57567 (base 8) in base 5?
1240224
What is -435 (base 8) in base 3?
-101120
Convert -38b (base 14) to base 10.
-711
What is 12101 (base 5) in base 12?
631
What is 40402 (base 6) in base 16?
14d2
64746 (base 9) to base 14
118b9
Convert 67430 (base 8) to base 14.
a516
Convert 2703 (base 12) to base 5.
120332
1212323 (base 5) to base 3
1011022212
-29dd (base 16) to base 7
-43150
-14041 (base 14) to base 13
-1967a
What is 50 (base 11) in base 2?
110111
What is 101203 (base 5) in base 12?
1ab3
Convert -104628 (base 9) to base 4.
-33100031
-1011040 (base 5) to base 13
-7602
903 (base 13) to base 10
1524
Convert 2061 (base 8) to base 2.
10000110001
What is 1713 (base 15) in base 13?
2352
What is -1300 (base 6) in base 15?
-169
-232025 (base 7) to base 16
-a232
13030 (base 4) to base 15
20a
What is 18 (base 10) in base 7?
24
Convert 102202 (base 4) to base 7.
3313
What is -672 (base 8) in base 13?
-280
Convert 98 (base 14) to base 15.
8e
What is -3012 (base 4) in base 12?
-146
4778 (base 10) to base 6
34042
Convert -23330 (base 4) to base 10.
-764
What is -1494 (base 11) in base 5?
-30133
Convert -101000100 (base 2) to base 3.
-110000
-ac4 (base 13) to base 4
-130322
What is 20243 (base 5) in base 4?
110223
Convert -2100011 (base 3) to base 7.
-4654
Convert a9b (base 13) to base 16.
71a
42043 (base 5) to base 2
101011010101
What is -139c (base 14) in base 15?
-1065
Convert -1120 (base 9) to base 11.
-693
What is -21003 (base 6) in base 4?
-223323
What is 568 (base 12) in base 3?
1002122
What is 71067 (base 8) in base 4?
13020313
-32131321 (base 4) to base 3
-10000021201
What is -20222203 (base 4) in base 7?
-205321
-6c80 (base 15) to base 7
-124155
What is -108 (base 11) in base 10?
-129
12 (base 15) to base 6
25
What is -22434 (base 5) in base 11?
-1242
What is 1768 (base 9) in base 10?
1358
What is 7828 (base 13) in base 14?
6177
Convert 210300 (base 4) to base 8.
4460
